[INFO] fetching crate openzwave 0.1.1...
[INFO] checking openzwave-0.1.1 against try#72f88fc4e9458f89516a0b8b0868f3718aec5b47 for pr-74989
[INFO] extracting crate openzwave 0.1.1 into /workspace/builds/worker-9/source
[INFO] validating manifest of crates.io crate openzwave 0.1.1 on toolchain 72f88fc4e9458f89516a0b8b0868f3718aec5b47
[INFO] running `Command { std: "/workspace/cargo-home/bin/cargo" "+72f88fc4e9458f89516a0b8b0868f3718aec5b47" "read-manifest" "--manifest-path" "Cargo.toml", kill_on_drop: false }`
[INFO] started tweaking crates.io crate openzwave 0.1.1
[INFO] removed path dependency openzwave-sys from crates.io crate openzwave 0.1.1
[INFO] finished tweaking crates.io crate openzwave 0.1.1
[INFO] tweaked toml for crates.io crate openzwave 0.1.1 written to /workspace/builds/worker-9/source/Cargo.toml
[INFO] running `Command { std: "/workspace/cargo-home/bin/cargo" "+72f88fc4e9458f89516a0b8b0868f3718aec5b47" "generate-lockfile" "--manifest-path" "Cargo.toml" "-Zno-index-update", kill_on_drop: false }`
[INFO] running `Command { std: "/workspace/cargo-home/bin/cargo" "+72f88fc4e9458f89516a0b8b0868f3718aec5b47" "fetch" "--locked" "--manifest-path" "Cargo.toml", kill_on_drop: false }`
[INFO] [stderr]     Blocking waiting for file lock on package cache
[INFO] running `Command { std: "docker" "create" "-v" "/var/lib/crater-agent-workspace/builds/worker-9/target:/opt/rustwide/target:rw,Z" "-v" "/var/lib/crater-agent-workspace/builds/worker-9/source:/opt/rustwide/workdir:ro,Z" "-v" "/var/lib/crater-agent-workspace/cargo-home:/opt/rustwide/cargo-home:ro,Z" "-v" "/var/lib/crater-agent-workspace/rustup-home:/opt/rustwide/rustup-home:ro,Z" "-e" "SOURCE_DIR=/opt/rustwide/workdir" "-e" "CARGO_TARGET_DIR=/opt/rustwide/target" "-e" "CARGO_HOME=/opt/rustwide/cargo-home" "-e" "RUSTUP_HOME=/opt/rustwide/rustup-home" "-w" "/opt/rustwide/workdir" "-m" "1610612736" "--user" "0:0" "--network" "none" "rustops/crates-build-env@sha256:d92eaeed33fa75130ca1ee6c8a01d1ffb62bac859dfdfb3450e3e5d1c0146529" "/opt/rustwide/cargo-home/bin/cargo" "+72f88fc4e9458f89516a0b8b0868f3718aec5b47" "metadata" "--no-deps" "--format-version=1", kill_on_drop: false }`
[INFO] [stderr] WARNING: Your kernel does not support swap limit capabilities or the cgroup is not mounted. Memory limited without swap.
[INFO] [stdout] b5b249110ece7f8e0fb2384bec26f99906f39dad2e28fbf8309b6f33ee6cdc55
[INFO] running `Command { std: "docker" "start" "-a" "b5b249110ece7f8e0fb2384bec26f99906f39dad2e28fbf8309b6f33ee6cdc55", kill_on_drop: false }`
[INFO] running `Command { std: "docker" "inspect" "b5b249110ece7f8e0fb2384bec26f99906f39dad2e28fbf8309b6f33ee6cdc55", kill_on_drop: false }`
[INFO] running `Command { std: "docker" "rm" "-f" "b5b249110ece7f8e0fb2384bec26f99906f39dad2e28fbf8309b6f33ee6cdc55", kill_on_drop: false }`
[INFO] [stdout] b5b249110ece7f8e0fb2384bec26f99906f39dad2e28fbf8309b6f33ee6cdc55
[INFO] running `Command { std: "docker" "create" "-v" "/var/lib/crater-agent-workspace/builds/worker-9/target:/opt/rustwide/target:rw,Z" "-v" "/var/lib/crater-agent-workspace/builds/worker-9/source:/opt/rustwide/workdir:ro,Z" "-v" "/var/lib/crater-agent-workspace/cargo-home:/opt/rustwide/cargo-home:ro,Z" "-v" "/var/lib/crater-agent-workspace/rustup-home:/opt/rustwide/rustup-home:ro,Z" "-e" "SOURCE_DIR=/opt/rustwide/workdir" "-e" "CARGO_TARGET_DIR=/opt/rustwide/target" "-e" "CARGO_INCREMENTAL=0" "-e" "RUST_BACKTRACE=full" "-e" "RUSTFLAGS=--cap-lints=forbid" "-e" "CARGO_HOME=/opt/rustwide/cargo-home" "-e" "RUSTUP_HOME=/opt/rustwide/rustup-home" "-w" "/opt/rustwide/workdir" "-m" "1610612736" "--user" "0:0" "--network" "none" "rustops/crates-build-env@sha256:d92eaeed33fa75130ca1ee6c8a01d1ffb62bac859dfdfb3450e3e5d1c0146529" "/opt/rustwide/cargo-home/bin/cargo" "+72f88fc4e9458f89516a0b8b0868f3718aec5b47" "check" "--frozen" "--all" "--all-targets" "--message-format=json", kill_on_drop: false }`
[INFO] [stdout] 517e579c1cc974ead90c670dbad1446f9634dd01bfc55612e2e1cd13e70e6511
[INFO] [stderr] WARNING: Your kernel does not support swap limit capabilities or the cgroup is not mounted. Memory limited without swap.
[INFO] running `Command { std: "docker" "start" "-a" "517e579c1cc974ead90c670dbad1446f9634dd01bfc55612e2e1cd13e70e6511", kill_on_drop: false }`
[INFO] [stderr]    Compiling gcc v0.3.55
[INFO] [stderr]    Compiling libc v0.2.77
[INFO] [stderr]     Checking itertools v0.4.19
[INFO] [stderr]    Compiling openzwave-sys v0.1.1
[INFO] [stderr] error: failed to run custom build command for `openzwave-sys v0.1.1`
[INFO] [stderr] 
[INFO] [stderr] Caused by:
[INFO] [stderr]   process didn't exit successfully: `/opt/rustwide/target/debug/build/openzwave-sys-a6ad9594fa8d1861/build-script-build` (exit code: 101)
[INFO] [stderr]   --- stdout
[INFO] [stderr]   CPPFLAGS= make -C /opt/rustwide/cargo-home/registry/src/github.com-1ecc6299db9ec823/openzwave-sys-0.1.1/open-zwave/cpp/build/ - -j14 --jobserver-auth=7,8 
[INFO] [stderr]   make[1]: Entering directory '/opt/rustwide/cargo-home/registry/src/github.com-1ecc6299db9ec823/openzwave-sys-0.1.1/open-zwave/cpp/build'
[INFO] [stderr]   Building OpenZWave Version 1.4.-1
[INFO] [stderr]   Building tinystr.o
[INFO] [stderr]   Building tinyxmlerror.o
[INFO] [stderr]   Building tinyxml.o
[INFO] [stderr]   Building tinyxmlparser.o
[INFO] [stderr]   Building hid.o
[INFO] [stderr]   Building aeskey.o
[INFO] [stderr]   Building aescrypt.o
[INFO] [stderr]   Building aestab.o
[INFO] [stderr]   Building aes_modes.o
[INFO] [stderr]   Building Proprietary.o
[INFO] [stderr]   Building MultiCmd.o
[INFO] [stderr]   Building Security.o
[INFO] [stderr]   Building SensorBinary.o
[INFO] [stderr]   Building ControllerReplication.o
[INFO] [stderr]   Building WakeUp.o
[INFO] [stderr]   Building ZWavePlusInfo.o
[INFO] [stderr]   Building Indicator.o
[INFO] [stderr]   Building Language.o
[INFO] [stderr]   Building MeterPulse.o
[INFO] [stderr]   Building DoorLockLogging.o
[INFO] [stderr]   Building ThermostatFanMode.o
[INFO] [stderr]   Building Basic.o
[INFO] [stderr]   Building Configuration.o
[INFO] [stderr]   Building SensorAlarm.o
[INFO] [stderr]   Building Hail.o
[INFO] [stderr]   Building SwitchToggleBinary.o
[INFO] [stderr]   Building NoOperation.o
[INFO] [stderr]   Building Version.o
[INFO] [stderr]   Building TimeParameters.o
[INFO] [stderr]   Building UserCode.o
[INFO] [stderr]   Building Color.o
[INFO] [stderr]   Building DeviceResetLocally.o
[INFO] [stderr]   Building ManufacturerSpecific.o
[INFO] [stderr]   make[1]: Leaving directory '/opt/rustwide/cargo-home/registry/src/github.com-1ecc6299db9ec823/openzwave-sys-0.1.1/open-zwave/cpp/build'
[INFO] [stderr] 
[INFO] [stderr]   --- stderr
[INFO] [stderr]   make[1]: warning: -j14 forced in submake: resetting jobserver mode.
[INFO] [stderr]   /opt/rustwide/cargo-home/registry/src/github.com-1ecc6299db9ec823/openzwave-sys-0.1.1/open-zwave/cpp/src/command_classes/DoorLockLogging.cpp: In member function 'virtual bool OpenZWave::DoorLockLogging::HandleMsg(const uint8*, uint32, uint32)':
[INFO] [stderr]   /opt/rustwide/cargo-home/registry/src/github.com-1ecc6299db9ec823/openzwave-sys-0.1.1/open-zwave/cpp/src/command_classes/DoorLockLogging.cpp:312:15: error: passing argument 1 to restrict-qualified parameter aliases with argument 4 [-Werror=restrict]
[INFO] [stderr]     312 |      snprintf(usercode, sizeof(usercode), "%s %d", usercode, (int)_data[12+i]);
[INFO] [stderr]         |               ^~~~~~~~                             ~~~~~~~~
[INFO] [stderr]   cc1plus: all warnings being treated as errors
[INFO] [stderr]   make[1]: *** [/opt/rustwide/cargo-home/registry/src/github.com-1ecc6299db9ec823/openzwave-sys-0.1.1/open-zwave/cpp/build/support.mk:112: /opt/rustwide/target/debug/build/openzwave-sys-736296f9098c9d6d/out/open-zwave/.lib/DoorLockLogging.o] Error 1
[INFO] [stderr]   make[1]: *** Waiting for unfinished jobs....
[INFO] [stderr]   make: *** [Makefile:20: all] Error 2
[INFO] [stderr]   thread 'main' panicked at 'Could not build the open-zwave library.', /opt/rustwide/cargo-home/registry/src/github.com-1ecc6299db9ec823/openzwave-sys-0.1.1/build.rs:48:9
[INFO] [stderr]   stack backtrace:
[INFO] [stderr]      0:     0x55fd6ea40850 - std::backtrace_rs::backtrace::libunwind::trace::h452faf99f32e7c93
[INFO] [stderr]                                  at /rustc/72f88fc4e9458f89516a0b8b0868f3718aec5b47/library/std/src/../../backtrace/src/backtrace/libunwind.rs:96
[INFO] [stderr]      1:     0x55fd6ea40850 - std::backtrace_rs::backtrace::trace_unsynchronized::he40edc71437667a1
[INFO] [stderr]                                  at /rustc/72f88fc4e9458f89516a0b8b0868f3718aec5b47/library/std/src/../../backtrace/src/backtrace/mod.rs:66
[INFO] [stderr]      2:     0x55fd6ea40850 - std::sys_common::backtrace::_print_fmt::h6c51d6ade71f46bf
[INFO] [stderr]                                  at /rustc/72f88fc4e9458f89516a0b8b0868f3718aec5b47/library/std/src/sys_common/backtrace.rs:79
[INFO] [stderr]      3:     0x55fd6ea40850 - <std::sys_common::backtrace::_print::DisplayBacktrace as core::fmt::Display>::fmt::h3cd15d7003dec37a
[INFO] [stderr]                                  at /rustc/72f88fc4e9458f89516a0b8b0868f3718aec5b47/library/std/src/sys_common/backtrace.rs:58
[INFO] [stderr]      4:     0x55fd6ea5ff5c - core::fmt::write::h1857a60b204f1b6a
[INFO] [stderr]                                  at /rustc/72f88fc4e9458f89516a0b8b0868f3718aec5b47/library/core/src/fmt/mod.rs:1080
[INFO] [stderr]      5:     0x55fd6ea3cce7 - std::io::Write::write_fmt::hac61caff894c35ae
[INFO] [stderr]                                  at /rustc/72f88fc4e9458f89516a0b8b0868f3718aec5b47/library/std/src/io/mod.rs:1517
[INFO] [stderr]      6:     0x55fd6ea42d30 - std::sys_common::backtrace::_print::haa2f390fb7957e3e
[INFO] [stderr]                                  at /rustc/72f88fc4e9458f89516a0b8b0868f3718aec5b47/library/std/src/sys_common/backtrace.rs:61
[INFO] [stderr]      7:     0x55fd6ea42d30 - std::sys_common::backtrace::print::h48c7cbbad9013bb1
[INFO] [stderr]                                  at /rustc/72f88fc4e9458f89516a0b8b0868f3718aec5b47/library/std/src/sys_common/backtrace.rs:48
[INFO] [stderr]      8:     0x55fd6ea42d30 - std::panicking::default_hook::{{closure}}::h8b7ff05a31e71d55
[INFO] [stderr]                                  at /rustc/72f88fc4e9458f89516a0b8b0868f3718aec5b47/library/std/src/panicking.rs:208
[INFO] [stderr]      9:     0x55fd6ea42a7c - std::panicking::default_hook::h2f00c78800d98e4c
[INFO] [stderr]                                  at /rustc/72f88fc4e9458f89516a0b8b0868f3718aec5b47/library/std/src/panicking.rs:227
[INFO] [stderr]     10:     0x55fd6ea43393 - std::panicking::rust_panic_with_hook::h4eaa635e4694aef3
[INFO] [stderr]                                  at /rustc/72f88fc4e9458f89516a0b8b0868f3718aec5b47/library/std/src/panicking.rs:577
[INFO] [stderr]     11:     0x55fd6ea158ec - std::panicking::begin_panic::{{closure}}::h0db496c8d9349e8c
[INFO] [stderr]                                  at /rustc/72f88fc4e9458f89516a0b8b0868f3718aec5b47/library/std/src/panicking.rs:506
[INFO] [stderr]     12:     0x55fd6ea1e8f9 - std::sys_common::backtrace::__rust_end_short_backtrace::h977b43cab85a168d
[INFO] [stderr]                                  at /rustc/72f88fc4e9458f89516a0b8b0868f3718aec5b47/library/std/src/sys_common/backtrace.rs:153
[INFO] [stderr]     13:     0x55fd6ea15817 - std::panicking::begin_panic::hd3afcc9a885b32ae
[INFO] [stderr]                                  at /rustc/72f88fc4e9458f89516a0b8b0868f3718aec5b47/library/std/src/panicking.rs:505
[INFO] [stderr]     14:     0x55fd6e9eb876 - build_script_build::make::h0df12fbeb274aaa2
[INFO] [stderr]                                  at /opt/rustwide/cargo-home/registry/src/github.com-1ecc6299db9ec823/openzwave-sys-0.1.1/build.rs:48
[INFO] [stderr]     15:     0x55fd6e9ebad1 - build_script_build::main::h8efde5f3b00ce76a
[INFO] [stderr]                                  at /opt/rustwide/cargo-home/registry/src/github.com-1ecc6299db9ec823/openzwave-sys-0.1.1/build.rs:54
[INFO] [stderr]     16:     0x55fd6e9ec18b - core::ops::function::FnOnce::call_once::hb66f93866b45df4b
[INFO] [stderr]                                  at /rustc/72f88fc4e9458f89516a0b8b0868f3718aec5b47/library/core/src/ops/function.rs:227
[INFO] [stderr]     17:     0x55fd6e9eb18e - std::sys_common::backtrace::__rust_begin_short_backtrace::hb94fa38634d2f56c
[INFO] [stderr]                                  at /rustc/72f88fc4e9458f89516a0b8b0868f3718aec5b47/library/std/src/sys_common/backtrace.rs:137
[INFO] [stderr]     18:     0x55fd6e9eb231 - std::rt::lang_start::{{closure}}::h18ba84e7841e5b86
[INFO] [stderr]                                  at /rustc/72f88fc4e9458f89516a0b8b0868f3718aec5b47/library/std/src/rt.rs:66
[INFO] [stderr]     19:     0x55fd6ea43791 - core::ops::function::impls::<impl core::ops::function::FnOnce<A> for &F>::call_once::hecc21eb9018cc197
[INFO] [stderr]                                  at /rustc/72f88fc4e9458f89516a0b8b0868f3718aec5b47/library/core/src/ops/function.rs:259
[INFO] [stderr]     20:     0x55fd6ea43791 - std::panicking::try::do_call::h174ad655d084b5c7
[INFO] [stderr]                                  at /rustc/72f88fc4e9458f89516a0b8b0868f3718aec5b47/library/std/src/panicking.rs:381
[INFO] [stderr]     21:     0x55fd6ea43791 - std::panicking::try::h479e6054ce28de10
[INFO] [stderr]                                  at /rustc/72f88fc4e9458f89516a0b8b0868f3718aec5b47/library/std/src/panicking.rs:345
[INFO] [stderr]     22:     0x55fd6ea43791 - std::panic::catch_unwind::hb558ddea2b3e9c45
[INFO] [stderr]                                  at /rustc/72f88fc4e9458f89516a0b8b0868f3718aec5b47/library/std/src/panic.rs:382
[INFO] [stderr]     23:     0x55fd6ea43791 - std::rt::lang_start_internal::h163149047f0a8b61
[INFO] [stderr]                                  at /rustc/72f88fc4e9458f89516a0b8b0868f3718aec5b47/library/std/src/rt.rs:51
[INFO] [stderr]     24:     0x55fd6e9eb207 - std::rt::lang_start::hbb99156bfc9dd62b
[INFO] [stderr]                                  at /rustc/72f88fc4e9458f89516a0b8b0868f3718aec5b47/library/std/src/rt.rs:65
[INFO] [stderr]     25:     0x55fd6e9ebd7a - main
[INFO] [stderr]     26:     0x7f28a3d3e0b3 - __libc_start_main
[INFO] [stderr]     27:     0x55fd6e9eb0be - _start
[INFO] [stderr]     28:                0x0 - <unknown>
[INFO] running `Command { std: "docker" "inspect" "517e579c1cc974ead90c670dbad1446f9634dd01bfc55612e2e1cd13e70e6511", kill_on_drop: false }`
[INFO] running `Command { std: "docker" "rm" "-f" "517e579c1cc974ead90c670dbad1446f9634dd01bfc55612e2e1cd13e70e6511", kill_on_drop: false }`
[INFO] [stdout] 517e579c1cc974ead90c670dbad1446f9634dd01bfc55612e2e1cd13e70e6511
